{"id":8,"date":"2012-02-18T21:32:47","date_gmt":"2012-02-18T21:32:47","guid":{"rendered":"http:\/\/www.centremusique.fr\/wordpress\/?page_id=8"},"modified":"2024-10-16T13:40:54","modified_gmt":"2024-10-16T13:40:54","slug":"sav","status":"publish","type":"page","link":"https:\/\/www.centremusique.fr\/?page_id=8","title":{"rendered":"SAV"},"content":{"rendered":"<p>Votre magasin : le SAV<\/p>\n<p><img loading=\"lazy\" decoding=\"async\" class=\"alignleft\" title=\"Mickael\" src=\"http:\/\/www.centremusique.fr\/wordpress\/wp-content\/uploads\/2012\/02\/sav2.jpg\" alt=\"\" width=\"250\" height=\"187\" \/> Micka\u00ebl poss\u00e8de les qualifications et une grande exp\u00e9rience pour r\u00e9parer et entretenir vos instruments de musique.<\/p>\n<p>Centre Musique est notamment sp\u00e9cialis\u00e9 dans la r\u00e9paration et l&rsquo;entretien des accord\u00e9ons de toutes marques.<\/p>\n<p>Possibilit\u00e9 de r\u00e9paration de petites pannes d&rsquo;amplificateurs, d&rsquo;enceintes, r\u00e9glages et entretien de guitares &#8230;<\/p>\n<p><a href=\"http:\/\/www.centremusique.fr\/wordpress\/?attachment_id=50\" rel=\"attachment wp-att-50\"><img loading=\"lazy\" decoding=\"async\" class=\"alignright size-full wp-image-50\" title=\"sav1\" src=\"http:\/\/www.centremusique.fr\/wordpress\/wp-content\/uploads\/2012\/02\/sav1.jpg\" alt=\"\" width=\"250\" height=\"185\" \/><\/a>Pour les pannes plus importantes, Centre Musique peut intervenir aupr\u00e8s des SAV de toutes les marques actuelles !<\/p>\n<p>Contactez Mickael pour plus d&rsquo;informations !<\/p>\n<p>&nbsp;<\/p>\n","protected":false},"excerpt":{"rendered":"<p>Votre magasin : le SAV Micka\u00ebl poss\u00e8de les qualifications et une grande exp\u00e9rience pour r\u00e9parer et entretenir vos instruments de musique. Centre Musique est notamment sp\u00e9cialis\u00e9 dans la r\u00e9paration et l&rsquo;entretien des accord\u00e9ons de toutes marques. Possibilit\u00e9 de r\u00e9paration de &hellip; <a href=\"https:\/\/www.centremusique.fr\/?page_id=8\">Continuer la lecture <span class=\"meta-nav\">&rarr;<\/span><\/a><\/p>\n","protected":false},"author":1,"featured_media":0,"parent":0,"menu_order":3,"comment_status":"closed","ping_status":"closed","template":"","meta":{"footnotes":""},"class_list":["post-8","page","type-page","status-publish","hentry"],"_links":{"self":[{"href":"https:\/\/www.centremusique.fr\/index.php?rest_route=\/wp\/v2\/pages\/8"}],"collection":[{"href":"https:\/\/www.centremusique.fr\/index.php?rest_route=\/wp\/v2\/pages"}],"about":[{"href":"https:\/\/www.centremusique.fr\/index.php?rest_route=\/wp\/v2\/types\/page"}],"author":[{"embeddable":true,"href":"https:\/\/www.centremusique.fr\/index.php?rest_route=\/wp\/v2\/users\/1"}],"replies":[{"embeddable":true,"href":"https:\/\/www.centremusique.fr\/index.php?rest_route=%2Fwp%2Fv2%2Fcomments&post=8"}],"version-history":[{"count":4,"href":"https:\/\/www.centremusique.fr\/index.php?rest_route=\/wp\/v2\/pages\/8\/revisions"}],"predecessor-version":[{"id":53,"href":"https:\/\/www.centremusique.fr\/index.php?rest_route=\/wp\/v2\/pages\/8\/revisions\/53"}],"wp:attachment":[{"href":"https:\/\/www.centremusique.fr\/index.php?rest_route=%2Fwp%2Fv2%2Fmedia&parent=8"}],"curies":[{"name":"wp","href":"https:\/\/api.w.org\/{rel}","templated":true}]}}